{"id":221,"date":"2012-05-27T12:45:21","date_gmt":"2012-05-27T12:45:21","guid":{"rendered":"http:\/\/www.skupina75.it\/?page_id=221"},"modified":"2012-09-17T20:16:49","modified_gmt":"2012-09-17T20:16:49","slug":"marco-faganel","status":"publish","type":"page","link":"http:\/\/www.skupina75.it\/it\/clani-fotokluba\/marco-faganel\/","title":{"rendered":"Marco Faganel"},"content":{"rendered":"<p>Marco Faganel nasce a Trieste nel 1975.<\/p>\n<p>Frequenta l\u2019istituto statale d\u2019arte \u201cMax Fabiani\u201d di Gorizia nella sezione architettura e arredamento. Intanto frequenta il laboratorio di restauro del nonno e l&#8217;atelier di pittura del padre Roberto. Dal 2006 gestisce un&#8217;impresa di famiglia, una galleria d&#8217;arte e un laboratorio di cornici. Dal 2004 espone i suoi quadriin numerose mostre in Italia, Slovenia e Austria.<\/p>\n<p>Dal 2007 si interessa di fotografia analogica, in particolare della tecnica primitiva stenopeica caratterizzata dall&#8217;\u201cimprevendibilit\u00e0\u201c dell&#8217;immagine. L&#8217;artista, pur lavorando con un&#8217;attrezzatura \u201eminimalista\u201c (macchine fotografiche autocostruite) che comporta l&#8217;impossibilit\u00e0 di una corretta inquadratura, la perdita di nitidezza e tempi di esposizione spesso estremamente lunghi, crea per contro un&#8217;immagine sempre leggibile da zero a infinito, ma deformante della realt\u00e0.<\/p>\n<p>Nei suoi lavori spesso sono presenti elementi del quotidiano che, per\u00f2, attraverso la scatola appaiono valorizzati se non nobilitati. In alcuni, al limite, l&#8217;osservatore\/fotografo entra nella scena quasi smaterializzandosi e riducendosi ad un profilo, una sagoma nera. In tutti i lavori prevale un&#8217;attenzione per una relazione di integrazione tra uomo e natura, quest&#8217;ultima intesa come ambiente delle azioni umane.<br \/>\n<strong><br \/>\nPrincipali mostre :<\/strong><br \/>\n2008 Pecha Kucha Night, Volume IV, Zo centro culture contemporanee, Catania<br \/>\n2009 VirtualGart, Casa Morassi, Borgo Castello, Gorizia.<br \/>\n2009 InMebloYogi, Triest\u00e8fotografia, Caff\u00e8 Trieste, Ronchi dei Legionari (Go)<br \/>\n2009 Lungo i bordi 2009\/2010, mostra itinerante di pittura, fotografia e poesia, Friuli Venezia Giulia\/ Istria\/ Veneto\/ Carinzia.<br \/>\n2010 Skatti d\u2019autore, Castello-San Vito al Tagliamento (Pn)<br \/>\n2011 &#8220;V \u017earku zajete podobe\u201c, Gorenjski Muzei, Kranj (Slo)<br \/>\n2011 &#8220;Visioni in giallo&#8221;, Museo Cambellotti, Piazza San Marco, Latina<br \/>\n2012 &#8220;Fotografia stenopeica tra didattica e creativit\u00e0&#8221;, Tolmezzo citt\u00e0 stenopeica, Giornata Mondiale del foro stenopeico, Citt\u00e0 di Tolmezzo<br \/>\n2012 SkupinArt 2012, Galerija 75, S. Floriano del Collio (Go)<br \/>\n2012 Camera Obscura Slovenica, Stenopeica 2102, Palazzo del Duca, Senigallia<\/p>\n<p><strong>testi critici:<\/strong><br \/>\n\u201cL\u2019autore percorre i luoghi della natura e dell\u2019Uomo in punta di piedi, attento a coglierne gli intimi sospiri, con l\u2019occhio dello sciamano abituato a leggere oltre il velo dell\u2019apparenza.<\/p>\n<p>Anche l\u2019apparecchio di ripresa si adegua al suo sentire: un foro stenopeico, che assorbe lento i fili di luce, intessendoli secondo trame che si imprimono nella profondit\u00e0 del bianco e nero.<\/p>\n<p>Nelle immagini di Faganel gli spazi acquistano una particolare dimensione evocativa: un albero sembra infiammarsi di luce, una finestra vibra dell\u2019energia di mille fiori, mentre i campi accolgono e ristorano il quieto meditare del viandante\u201d (L.Coloni, 2009).<\/p>\n<p>\u201eAccostarsi alle opere di Marco Faganel non \u00e8 mai semplice esercizio dello sguardo o fruizione estetica, ma comporta sempre l\u2019accettazione di un viaggio iniziatico. Complice il fascino delle riprese stenopeiche, talmente lontane tecnicamente e concettualmente dalle frenesie degli apparecchi digitali, l\u2019osservatore viene risucchiato in una dimensione in cui i respiri si condensano e si legano al ricco humus della terra.<\/p>\n<p>Dalla profondit\u00e0 dei neri fluttuano umidi bagliori di ricordi ancestrali; la luce velata si amalgama ai fluidi di una Natura silente in superficie, ma che lascia intuire viscere vitali e pulsanti. Il legame con i cicli pi\u00f9 profondi della natura porta inevitabilmente a pi\u00f9 ampi interrogativi, sullo scorrere della vita, sul suo declino, sul concetto di morte e su quello di rinascita. Faganel riesce senza sforzo apparente a toccare grandi temi, racchiudendoli nello scrigno bidimensionale della fotografia; i cicli delle sue opere diventano elegie sottili che testimoniano una solida formazione artistica unita a una profonda interiorit\u00e0\u201c (L.Coloni, 2012)<\/p>\n<p>E poi il buio \/ In potem tema<\/p>\n<div id='gallery-1' class='gallery galleryid-221 gallery-columns-5 gallery-size-thumbnail'><dl class='gallery-item'>\n\t\t\t<dt class='gallery-icon landscape'>\n\t\t\t\t<a href='http:\/\/www.skupina75.it\/wp-content\/uploads\/2012\/05\/e-poi-il-buio-In-potem-tema1.jpg' title=\"\" data-rl_title=\"\" class=\"rl-gallery-link\" data-rl_caption=\"\" data-rel=\"lightbox-gallery-1\"><img loading=\"lazy\" decoding=\"async\" width=\"188\" height=\"188\" src=\"http:\/\/www.skupina75.it\/wp-content\/uploads\/2012\/05\/e-poi-il-buio-In-potem-tema1-188x188.jpg\" class=\"attachment-thumbnail size-thumbnail\" alt=\"\" srcset=\"http:\/\/www.skupina75.it\/wp-content\/uploads\/2012\/05\/e-poi-il-buio-In-potem-tema1-188x188.jpg 188w, http:\/\/www.skupina75.it\/wp-content\/uploads\/2012\/05\/e-poi-il-buio-In-potem-tema1-88x88.jpg 88w\" sizes=\"auto, (max-width: 188px) 100vw, 188px\" \/><\/a>\n\t\t\t<\/dt><\/dl><dl class='gallery-item'>\n\t\t\t<dt class='gallery-icon landscape'>\n\t\t\t\t<a href='http:\/\/www.skupina75.it\/wp-content\/uploads\/2012\/05\/e-poi-il-buio-In-potem-tema2.jpg' title=\"\" data-rl_title=\"\" class=\"rl-gallery-link\" data-rl_caption=\"\" data-rel=\"lightbox-gallery-1\"><img loading=\"lazy\" decoding=\"async\" width=\"188\" height=\"188\" src=\"http:\/\/www.skupina75.it\/wp-content\/uploads\/2012\/05\/e-poi-il-buio-In-potem-tema2-188x188.jpg\" class=\"attachment-thumbnail size-thumbnail\" alt=\"\" srcset=\"http:\/\/www.skupina75.it\/wp-content\/uploads\/2012\/05\/e-poi-il-buio-In-potem-tema2-188x188.jpg 188w, http:\/\/www.skupina75.it\/wp-content\/uploads\/2012\/05\/e-poi-il-buio-In-potem-tema2-88x88.jpg 88w\" sizes=\"auto, (max-width: 188px) 100vw, 188px\" \/><\/a>\n\t\t\t<\/dt><\/dl><dl class='gallery-item'>\n\t\t\t<dt class='gallery-icon landscape'>\n\t\t\t\t<a href='http:\/\/www.skupina75.it\/wp-content\/uploads\/2012\/05\/e-poi-il-buio-In-potem-tema3.jpg' title=\"\" data-rl_title=\"\" class=\"rl-gallery-link\" data-rl_caption=\"\" data-rel=\"lightbox-gallery-1\"><img loading=\"lazy\" decoding=\"async\" width=\"188\" height=\"188\" src=\"http:\/\/www.skupina75.it\/wp-content\/uploads\/2012\/05\/e-poi-il-buio-In-potem-tema3-188x188.jpg\" class=\"attachment-thumbnail size-thumbnail\" alt=\"\" srcset=\"http:\/\/www.skupina75.it\/wp-content\/uploads\/2012\/05\/e-poi-il-buio-In-potem-tema3-188x188.jpg 188w, http:\/\/www.skupina75.it\/wp-content\/uploads\/2012\/05\/e-poi-il-buio-In-potem-tema3-88x88.jpg 88w\" sizes=\"auto, (max-width: 188px) 100vw, 188px\" \/><\/a>\n\t\t\t<\/dt><\/dl><dl class='gallery-item'>\n\t\t\t<dt class='gallery-icon landscape'>\n\t\t\t\t<a href='http:\/\/www.skupina75.it\/wp-content\/uploads\/2012\/05\/e-poi-il-buio-In-potem-tema4.jpg' title=\"\" data-rl_title=\"\" class=\"rl-gallery-link\" data-rl_caption=\"\" data-rel=\"lightbox-gallery-1\"><img loading=\"lazy\" decoding=\"async\" width=\"188\" height=\"188\" src=\"http:\/\/www.skupina75.it\/wp-content\/uploads\/2012\/05\/e-poi-il-buio-In-potem-tema4-188x188.jpg\" class=\"attachment-thumbnail size-thumbnail\" alt=\"\" srcset=\"http:\/\/www.skupina75.it\/wp-content\/uploads\/2012\/05\/e-poi-il-buio-In-potem-tema4-188x188.jpg 188w, http:\/\/www.skupina75.it\/wp-content\/uploads\/2012\/05\/e-poi-il-buio-In-potem-tema4-88x88.jpg 88w\" sizes=\"auto, (max-width: 188px) 100vw, 188px\" \/><\/a>\n\t\t\t<\/dt><\/dl><dl class='gallery-item'>\n\t\t\t<dt class='gallery-icon landscape'>\n\t\t\t\t<a href='http:\/\/www.skupina75.it\/wp-content\/uploads\/2012\/05\/e-poi-il-buio-In-potem-tema5.jpg' title=\"\" data-rl_title=\"\" class=\"rl-gallery-link\" data-rl_caption=\"\" data-rel=\"lightbox-gallery-1\"><img loading=\"lazy\" decoding=\"async\" width=\"188\" height=\"188\" src=\"http:\/\/www.skupina75.it\/wp-content\/uploads\/2012\/05\/e-poi-il-buio-In-potem-tema5-188x188.jpg\" class=\"attachment-thumbnail size-thumbnail\" alt=\"\" srcset=\"http:\/\/www.skupina75.it\/wp-content\/uploads\/2012\/05\/e-poi-il-buio-In-potem-tema5-188x188.jpg 188w, http:\/\/www.skupina75.it\/wp-content\/uploads\/2012\/05\/e-poi-il-buio-In-potem-tema5-88x88.jpg 88w\" sizes=\"auto, (max-width: 188px) 100vw, 188px\" \/><\/a>\n\t\t\t<\/dt><\/dl><br style=\"clear: both\" \/>\n\t\t<\/div>\n\n","protected":false},"excerpt":{"rendered":"<p>Marco Faganel nasce a Trieste nel 1975. Frequenta l\u2019istituto statale d\u2019arte \u201cMax Fabiani\u201d di Gorizia nella sezione architettura e arredamento. Intanto frequenta il laboratorio di restauro del nonno e l&#8217;atelier di pittura del padre Roberto. Dal 2006 gestisce un&#8217;impresa di famiglia, una galleria d&#8217;arte e un laboratorio di cornici. Dal 2004 espone i suoi quadriin [&hellip;]<\/p>\n","protected":false},"author":1,"featured_media":355,"parent":30,"menu_order":11,"comment_status":"closed","ping_status":"open","template":"","meta":{"footnotes":""},"class_list":["post-221","page","type-page","status-publish","has-post-thumbnail","hentry"],"_links":{"self":[{"href":"http:\/\/www.skupina75.it\/it\/wp-json\/wp\/v2\/pages\/221","targetHints":{"allow":["GET"]}}],"collection":[{"href":"http:\/\/www.skupina75.it\/it\/wp-json\/wp\/v2\/pages"}],"about":[{"href":"http:\/\/www.skupina75.it\/it\/wp-json\/wp\/v2\/types\/page"}],"author":[{"embeddable":true,"href":"http:\/\/www.skupina75.it\/it\/wp-json\/wp\/v2\/users\/1"}],"replies":[{"embeddable":true,"href":"http:\/\/www.skupina75.it\/it\/wp-json\/wp\/v2\/comments?post=221"}],"version-history":[{"count":18,"href":"http:\/\/www.skupina75.it\/it\/wp-json\/wp\/v2\/pages\/221\/revisions"}],"predecessor-version":[{"id":391,"href":"http:\/\/www.skupina75.it\/it\/wp-json\/wp\/v2\/pages\/221\/revisions\/391"}],"up":[{"embeddable":true,"href":"http:\/\/www.skupina75.it\/it\/wp-json\/wp\/v2\/pages\/30"}],"wp:featuredmedia":[{"embeddable":true,"href":"http:\/\/www.skupina75.it\/it\/wp-json\/wp\/v2\/media\/355"}],"wp:attachment":[{"href":"http:\/\/www.skupina75.it\/it\/wp-json\/wp\/v2\/media?parent=221"}],"curies":[{"name":"wp","href":"https:\/\/api.w.org\/{rel}","templated":true}]}}

<p>Marco Faganel nasce a Trieste nel 1975.</p>
<p>Frequenta l’istituto statale d’arte “Max Fabiani” di Gorizia nella sezione architettura e arredamento. Intanto frequenta il laboratorio di restauro del nonno e l&#8217;atelier di pittura del padre Roberto. Dal 2006 gestisce un&#8217;impresa di famiglia, una galleria d&#8217;arte e un laboratorio di cornici. Dal 2004 espone i suoi quadriin numerose mostre in Italia, Slovenia e Austria.</p>
<p>Dal 2007 si interessa di fotografia analogica, in particolare della tecnica primitiva stenopeica caratterizzata dall&#8217;“imprevendibilità“ dell&#8217;immagine. L&#8217;artista, pur lavorando con un&#8217;attrezzatura „minimalista“ (macchine fotografiche autocostruite) che comporta l&#8217;impossibilità di una corretta inquadratura, la perdita di nitidezza e tempi di esposizione spesso estremamente lunghi, crea per contro un&#8217;immagine sempre leggibile da zero a infinito, ma deformante della realtà.</p>
<p>Nei suoi lavori spesso sono presenti elementi del quotidiano che, però, attraverso la scatola appaiono valorizzati se non nobilitati. In alcuni, al limite, l&#8217;osservatore/fotografo entra nella scena quasi smaterializzandosi e riducendosi ad un profilo, una sagoma nera. In tutti i lavori prevale un&#8217;attenzione per una relazione di integrazione tra uomo e natura, quest&#8217;ultima intesa come ambiente delle azioni umane.<br />
<strong><br />
Principali mostre :</strong><br />
2008 Pecha Kucha Night, Volume IV, Zo centro culture contemporanee, Catania<br />
2009 VirtualGart, Casa Morassi, Borgo Castello, Gorizia.<br />
2009 InMebloYogi, Triestèfotografia, Caffè Trieste, Ronchi dei Legionari (Go)<br />
2009 Lungo i bordi 2009/2010, mostra itinerante di pittura, fotografia e poesia, Friuli Venezia Giulia/ Istria/ Veneto/ Carinzia.<br />
2010 Skatti d’autore, Castello-San Vito al Tagliamento (Pn)<br />
2011 &#8220;V žarku zajete podobe“, Gorenjski Muzei, Kranj (Slo)<br />
2011 &#8220;Visioni in giallo&#8221;, Museo Cambellotti, Piazza San Marco, Latina<br />
2012 &#8220;Fotografia stenopeica tra didattica e creatività&#8221;, Tolmezzo città stenopeica, Giornata Mondiale del foro stenopeico, Città di Tolmezzo<br />
2012 SkupinArt 2012, Galerija 75, S. Floriano del Collio (Go)<br />
2012 Camera Obscura Slovenica, Stenopeica 2102, Palazzo del Duca, Senigallia</p>
<p><strong>testi critici:</strong><br />
“L’autore percorre i luoghi della natura e dell’Uomo in punta di piedi, attento a coglierne gli intimi sospiri, con l’occhio dello sciamano abituato a leggere oltre il velo dell’apparenza.</p>
<p>Anche l’apparecchio di ripresa si adegua al suo sentire: un foro stenopeico, che assorbe lento i fili di luce, intessendoli secondo trame che si imprimono nella profondità del bianco e nero.</p>
<p>Nelle immagini di Faganel gli spazi acquistano una particolare dimensione evocativa: un albero sembra infiammarsi di luce, una finestra vibra dell’energia di mille fiori, mentre i campi accolgono e ristorano il quieto meditare del viandante” (L.Coloni, 2009).</p>
<p>„Accostarsi alle opere di Marco Faganel non è mai semplice esercizio dello sguardo o fruizione estetica, ma comporta sempre l’accettazione di un viaggio iniziatico. Complice il fascino delle riprese stenopeiche, talmente lontane tecnicamente e concettualmente dalle frenesie degli apparecchi digitali, l’osservatore viene risucchiato in una dimensione in cui i respiri si condensano e si legano al ricco humus della terra.</p>
<p>Dalla profondità dei neri fluttuano umidi bagliori di ricordi ancestrali; la luce velata si amalgama ai fluidi di una Natura silente in superficie, ma che lascia intuire viscere vitali e pulsanti. Il legame con i cicli più profondi della natura porta inevitabilmente a più ampi interrogativi, sullo scorrere della vita, sul suo declino, sul concetto di morte e su quello di rinascita. Faganel riesce senza sforzo apparente a toccare grandi temi, racchiudendoli nello scrigno bidimensionale della fotografia; i cicli delle sue opere diventano elegie sottili che testimoniano una solida formazione artistica unita a una profonda interiorità“ (L.Coloni, 2012)</p>
<p>E poi il buio / In potem tema</p>
<div id='gallery-1' class='gallery galleryid-221 gallery-columns-5 gallery-size-thumbnail'><dl class='gallery-item'>
			<dt class='gallery-icon landscape'>
				<a href='http://www.skupina75.it/wp-content/uploads/2012/05/e-poi-il-buio-In-potem-tema1.jpg' title="" data-rl_title="" class="rl-gallery-link" data-rl_caption="" data-rel="lightbox-gallery-1"><img loading="lazy" decoding="async" width="188" height="188" src="http://www.skupina75.it/wp-content/uploads/2012/05/e-poi-il-buio-In-potem-tema1-188x188.jpg" class="attachment-thumbnail size-thumbnail" alt="" srcset="http://www.skupina75.it/wp-content/uploads/2012/05/e-poi-il-buio-In-potem-tema1-188x188.jpg 188w, http://www.skupina75.it/wp-content/uploads/2012/05/e-poi-il-buio-In-potem-tema1-88x88.jpg 88w" sizes="auto, (max-width: 188px) 100vw, 188px" /></a>
			</dt></dl><dl class='gallery-item'>
			<dt class='gallery-icon landscape'>
				<a href='http://www.skupina75.it/wp-content/uploads/2012/05/e-poi-il-buio-In-potem-tema2.jpg' title="" data-rl_title="" class="rl-gallery-link" data-rl_caption="" data-rel="lightbox-gallery-1"><img loading="lazy" decoding="async" width="188" height="188" src="http://www.skupina75.it/wp-content/uploads/2012/05/e-poi-il-buio-In-potem-tema2-188x188.jpg" class="attachment-thumbnail size-thumbnail" alt="" srcset="http://www.skupina75.it/wp-content/uploads/2012/05/e-poi-il-buio-In-potem-tema2-188x188.jpg 188w, http://www.skupina75.it/wp-content/uploads/2012/05/e-poi-il-buio-In-potem-tema2-88x88.jpg 88w" sizes="auto, (max-width: 188px) 100vw, 188px" /></a>
			</dt></dl><dl class='gallery-item'>
			<dt class='gallery-icon landscape'>
				<a href='http://www.skupina75.it/wp-content/uploads/2012/05/e-poi-il-buio-In-potem-tema3.jpg' title="" data-rl_title="" class="rl-gallery-link" data-rl_caption="" data-rel="lightbox-gallery-1"><img loading="lazy" decoding="async" width="188" height="188" src="http://www.skupina75.it/wp-content/uploads/2012/05/e-poi-il-buio-In-potem-tema3-188x188.jpg" class="attachment-thumbnail size-thumbnail" alt="" srcset="http://www.skupina75.it/wp-content/uploads/2012/05/e-poi-il-buio-In-potem-tema3-188x188.jpg 188w, http://www.skupina75.it/wp-content/uploads/2012/05/e-poi-il-buio-In-potem-tema3-88x88.jpg 88w" sizes="auto, (max-width: 188px) 100vw, 188px" /></a>
			</dt></dl><dl class='gallery-item'>
			<dt class='gallery-icon landscape'>
				<a href='http://www.skupina75.it/wp-content/uploads/2012/05/e-poi-il-buio-In-potem-tema4.jpg' title="" data-rl_title="" class="rl-gallery-link" data-rl_caption="" data-rel="lightbox-gallery-1"><img loading="lazy" decoding="async" width="188" height="188" src="http://www.skupina75.it/wp-content/uploads/2012/05/e-poi-il-buio-In-potem-tema4-188x188.jpg" class="attachment-thumbnail size-thumbnail" alt="" srcset="http://www.skupina75.it/wp-content/uploads/2012/05/e-poi-il-buio-In-potem-tema4-188x188.jpg 188w, http://www.skupina75.it/wp-content/uploads/2012/05/e-poi-il-buio-In-potem-tema4-88x88.jpg 88w" sizes="auto, (max-width: 188px) 100vw, 188px" /></a>
			</dt></dl><dl class='gallery-item'>
			<dt class='gallery-icon landscape'>
				<a href='http://www.skupina75.it/wp-content/uploads/2012/05/e-poi-il-buio-In-potem-tema5.jpg' title="" data-rl_title="" class="rl-gallery-link" data-rl_caption="" data-rel="lightbox-gallery-1"><img loading="lazy" decoding="async" width="188" height="188" src="http://www.skupina75.it/wp-content/uploads/2012/05/e-poi-il-buio-In-potem-tema5-188x188.jpg" class="attachment-thumbnail size-thumbnail" alt="" srcset="http://www.skupina75.it/wp-content/uploads/2012/05/e-poi-il-buio-In-potem-tema5-188x188.jpg 188w, http://www.skupina75.it/wp-content/uploads/2012/05/e-poi-il-buio-In-potem-tema5-88x88.jpg 88w" sizes="auto, (max-width: 188px) 100vw, 188px" /></a>
			</dt></dl><br style="clear: both" />
		</div>
